 + 7*i + 5. Let k(y) = -y**3 + 13*y**2 - 9*y - 15. Let r be k(12). Suppose -2*m - 18 = 2*f, 2*f - 7*f + m = r. Determine v(f).
-5
Let b(w) = -2*w**2 - 8*w + 10. Let j be b(-7). Let s be -6*(-3 - j/12). Let r(o) = 6*o**s + 0*o - 7*o**2 + 5 + 2*o. Give r(4).
-3
Let i(m) = m + 53 - 11 + 13*m**2 - 12*m**2 - 47. Let k = 1 + -1. Determine i(k).
-5
Let u(n) be the first derivative of -4*n**3/3 - 3*n**2/2 + 4*n + 13. Let y(v) = -5*v**2 - 4*v + 5. Let m(p) = 4*u(p) - 3*y(p). Give m(2).
-3
Let x = -1 - 1. Suppose -24*z + 1606 = -13*z. Let j(d) = -z*d + 4 - 2 + 0 + 147*d. Calculate j(x).
0
Let a(k) = -k + 5. Let g = -44 - -46. Let o be (-2)/9 - g*(-3)/27. What is a(o)?
5
Let p(c) = -c**3 - 3*c**2 + 8*c + 4. Let r be p(-5). Let o be 80/r + 8/28. Let x(n) = -3*n + 6. Calculate x(o).
-12
Let l(d) = -11*d + 1. Let c(f) = -44*f + 4. Let a(m) = -2*c(m) + 9*l(m). Let v(g) = -4*g - g - 4 - 2*g**2 + 5 + g**2. Let u be v(-5). What is a(u)?
-10
Let x(y) = y - 4. Let j = 66 - 62. Suppose 3*u + 8 = -j. Determine x(u).
-8
Let z = 145 + -143. Let x(u) be the first derivative of -2*u**2 + 3*u + 2. Calculate x(z).
-5
Let j(h) = -h**2 + 9*h - 7. Let a be j(8). Let y be (-2 + 2 + 1)*a. Let u(r) = -2*r + 1. Give u(y).
-1
Let a(g) = 5*g**3 + g - 1. Let i(c) = 24*c**3 + 8*c**2 - 18. Let v(l) = 5*a(l) - i(l). Calculate v(7).
-1
Let h(c) be the third derivative of -1/60*c**5 - 13/120*c**6 + 0 + 0*c - 38*c**2 + 0*c**3 - 1/24*c**4. Calculate h(-1).
13
Let c(k) = 0*k + k - 4*k + 9*k**2 + 24 - 4*k - 10 + k**3. Determine c(-10).
-16
Let p(y) be the second derivative of -y**5/20 + y**4/12 + 13*y**3/6 - 3*y. Let f(x) be the second derivative of p(x). Determine f(3).
-16
Let g(a) = -a**3 + a**2 - 1. Let x(d) = 6 + 2 + 3*d**3 - 5 - 3*d**2. Let b(h) = -17*g(h) - 6*x(h). Calculate b(0).
-1
Let r(a) be the third derivative of -1/30*a**6 - 1/12*a**4 + 0*a + 0 - 1/6*a**3 - 1/30*a**5 + 24*a**2. Let z be 2/5 - 14/10. Calculate r(z).
3
Suppose -l - 5 = -2*l, 2*l - 10 = 3*z. Let n(t) = -t**3 - t**2 + t - 2. Determine n(z).
-2
Suppose t - 3*t = 0. Suppose 2*p - 9 + 1 = t. Let r(h) = -15*h + p*h + 14*h + 1. What is r(3)?
10
Let u be 8 - ((3 - 1) + 0). Let t(g) = 0 - 1 + 21 - g - 8 + 1. What is t(u)?
7
Let y(g) = -g**3 + 11*g**2 - g + 14. Suppose 186*i = 187*i - 11. What is y(i)?
3
Let c(p) = 5*p - 8. Suppose 0 = -2*z - 2*f - 0 + 2, 2*z + 4 = -4*f. Calculate c(z).
12
Let q(a) = -48*a**2 - a + 1. Let y = -1528 - -1529. What is q(y)?
-48
Let m(c) be the first derivative of c**4/4 + c**3 - 5*c**2/2 + 4. Let z be m(-4). Let r(h) = -4*h + z + 0*h + 3*h. Calculate r(0).
4
Let d(g) = 0*g - 58*g**2 + g + 51*g**2. Let k = -13 - -12. What is d(k)?
-8
Let x(w) be the third derivative of -w**8/6720 - w**7/840 + w**6/360 + 43*w**4/24 - 25*w**2. Let k(m) be the second derivative of x(m). Calculate k(-4).
8
Let i = -34 + 36. Let w(m) = -3 + 2 + 2*m + i*m. Calculate w(5).
19
Let y(n) = 2*n**2 + 66*n + 222. Let j be y(-29). Let k(p) = -p**2 - 8*p - 11. Let f(m) = -m - 1. Let v(d) = 4*f(d) + k(d). What is v(j)?
5
Let v(g) = g**3 + 2*g**2 - 4*g - 3. Let y = -136 - -132. What is v(y)?
-19
Let j(l) = 7 + 10 + 17 - 38 + l. Suppose -35 = -9*o + 4*o. Give j(o).
3
Let t(n) = -157*n**2 + 9 - 153*n**2 - 4*n + 311*n**2. What is t(2)?
5
Let k = -997 + 992. Let i(q) = 5 - q**3 + 2*q**2 - 6*q**2 + 5*q + 0*q**3. Determine i(k).
5
Let x = 7 - 3. Suppose h = 2*k - 0*k - 2, 3*h - 16 = -5*k. Let t(m) = -m**3 + 3*m**2 - 7 + 3*m - 9*m + x*m - 8*m**k. Give t(-5).
3
Let f = -9 - -6. Let g(d) = -d**2 - 9*d + 2. Let y(a) = -1 + 5 + 2 - 3*a**2 - 26*a. Let c(b) = f*y(b) + 8*g(b). What is c(-3)?
-11
Suppose 16 = 13*m - 17*m. Let c(h) = 4*h**2 - 11*h**2 + 6*h**2 - 5*h. What is c(m)?
4
Let k(d) = 2*d**2 + 13*d + 4. Let i(t) = 3*t**2 + 24*t + 7. Let h(v) = 3*i(v) - 5*k(v). Give h(8).
-7
Let z(l) = l - 10. Suppose -3*u + 23 = 2*a, 15*u + 3*a - 10 = 14*u. What is z(u)?
-3
Let b(q) = 9*q - 5. Let a(p) = 18*p - 12. Let c(v) = 2*a(v) - 5*b(v). Give c(5).
-44
Suppose 3*p - 5*r + 8 = 0, 0 = -3*p + 2*p - 3*r + 16. Suppose 2*c - 5*z - 8 = 12, -p*z = 16. Let a(o) = -o**2 - o + 2. What is a(c)?
2
Let k(c) = -25*c + 146. Let i be k(6). Let q(t) = -9*t + 5. Determine q(i).
41
Let k(z) = -13 - 9*z + 25*z - 17*z - 10. What is k(-12)?
-11
Let k(i) = 4*i - 3*i - 1 + i**3 + 3 + 2. Determine k(0).
4
Let a(o) = -7*o**2 + 18*o - 18. Let t(l) = 3*l**2 - 9*l + 9. Let v(q) = -2*a(q) - 5*t(q). Suppose -4*w + 3*x = -w - 33, 4*w - 3*x - 39 = 0. Determine v(w).
9
Let p(x) = -19*x**2 + 5. Let o(i) = 35*i**2 - i - 11. Let u(h) = 6*o(h) + 11*p(h). Suppose -3*v - 1 = q, 0 = 3*q + 5*v - 9 - 0. What is u(q)?
5
Let p(g) = 0*g + 3093 - 3091 - 7*g**2 - g**3 - 3*g + 2*g**3 + 2*g. Suppose -3*f + 31 = -5*q, -2*q = -1 + 5. What is p(f)?
-5
Suppose -20 = -4*t + 4*f, -4*t + f - 7 = -7*t. Let y(m) = -t + 6*m + m**2 + 0*m + 5. Suppose -h - 7 = h - r, 2*r + 10 = 0. Determine y(h).
2
Let k(c) be the first derivative of 6*c**2 - 2*c + 103. Give k(1).
10
Let r(p) be the third derivative of 1/120*p**6 + 0*p + 0 + 1/15*p**5 - 30*p**2 - 1/6*p**3 - 5/24*p**4. Let g be 19/(-4) + (-3)/12. What is r(g)?
-1
Let t(d) = -d + 5. Let r be (-14)/(-21)*(-9)/(-2). Suppose -r*a = -7*a - 44. Let v(z) = z**3 + 11*z**2 + z + 16. Let g be v(a). Give t(g).
0
Let l(u) = u**3 - 3*u**2 - 3*u + 2. Suppose -24 = 2*n - 5*n. Suppose -187*g = -192*g + 15. Suppose 0 = -0*x + 3*x + g, -4*j - 4*x = -n. Calculate l(j).
-7
Let v(j) = 10*j - 23. Let s(a) = -4*a + 11. Let t(g) = 13*s(g) + 6*v(g). Give t(-3).
-19
Let d(i) = -9*i**2 - i. Let x be (-5)/(-3) - (-12)/(-18). Determine d(x).
-10
Suppose -2*h = -2*g - 20, 6 = 3*g - 3. Suppose -5*b - h - 12 = 0. Let x(o) = -o**2 - 1. Let v(s) = -s**3 + 5*s + 7. Let w(z) = -v(z) - 4*x(z). What is w(b)?
-3
Let v(o) = -o + 4 + 3 + 0*o. Let b be (0 - -3)*57/19. Calculate v(b).
-2
Let y(z) = z**3 + 5. Let i be 3*((-44)/(-3))/4. Let c = 11 - i. Suppose c*s + 5*s = 0. Calculate y(s).
5
Let r(f) = 5*f - 10. Let a(i) = -6*i + 12. Let g(k) = 6*a(k) + 7*r(k). Suppose 4 = -y + 2*y. Calculate g(y).
-2
Let d(f) be the second derivative of -f**3/2 + 9*f**2 - 5*f - 5. Calculate d(6).
0
Let p(h) be the first derivative of -h**2/2 - 6*h + 19. Let l be (2/(-6))/((-2)/24). Suppose r = -2*t - l*r - 37, 3*t + 8 = 2*r. Give p(t).
0
Let s(y) = 5*y**3 - y. Let h(w) be the second derivative of -4*w**3/3 - 15*w**2/2 - 21*w. Let a be h(-2). What is s(a)?
4
Let m = 2 - 0. Let c(n) = -3*n + m + n - 1 + 9*n**2. Let s = -30339 + 30340. Calculate c(s).
8
Let l(n) = n**3 - n**2 + n. Let h(p) = 2*p**3 - 4*p**2 - 2*p + 3. Let b(d) = -h(d) + l(d). Calculate b(4).
-7
Let m(a) = a**3 - 4*a**2 + 4*a - 3. Let w be 2 - 0 - (-5)/(1 + 4). Determine m(w).
0
Let v(s) = 1. Let b(f) = -7*f**2 + 15*f**2 - f**2 + 2*f - 6*f**2 + 6. Let z(w) = b(w) - 5*v(w). Calculate z(2).
9
Let z be (-2)/(-3)*45/6. Let h(v) = 7*v. Let m(w) be the first derivative of -3*w**2/2 + 16. Let i(b) = 2*h(b) + 5*m(b). Determine i(z).
-5
Let h(o) = 8*o**2 - o + 2. Let r(t) = -1 + 0 - 135*t + 136*t - 7*t**2. Let u(w) = 3*h(w) + 4*r(w). Determine u(-2).
-16
Let w(u) = -u**3 - 5*u**2 + 7*u + 2. Suppose 236 + 248 = 11*k. Suppose -4*y + 12 = -4*t + k, 5*y + 3*t = -24. Determine w(y).
-4
Let d(p) be the third derivative of -p**6/120 + p**5/15 + p**4/8 - 5*p**3/6 - p**2. Let r be (-2)/(-6) - (-31)/(-3). Let t be -8 - 59/(-5) - 2/r. Give d(t).
7
Suppose -2*h = -3*n - 0*h - 1, 3*n - 5*h + 16 = 0. Let s(i) be the first derivative of 2*i + 16 + 1/2*i**2 - 1/3*i**3. Determine s(n).
-4
Let v = -29375 + 29374. Let m(y) = y**2 - 3*y + 5. Suppose 12 = 4*t - 5*o - 19, 5*t = 3*o + 29. Let l(d) = d**2 + d - 1. Let j(i) = t*l(i) + m(i). What is j(v)?
5
Let p = 7 + -4. Suppose -39 = -16*x - 7. Let k(j) = j**3 + x*j**p - 5*j**3 + j**3. What is k(-2)?
8
Let h(t) = -4*t + 4*t - t + 1 + 5*t + 3*t. Determine h(7).
50
Let x(q) be the second derivative of -q**4/12 + q**3/6 - 30*q**2 - 316*q. What is x(0)?
-60
Let x be (5 - (8 + -3))/(-2). Let r(a) = a + 9. Give r(x).
9
Let h(d) = -2*d + 4. Suppose 6*x + 12 = -0. Let s(v) = -v + 2. Let r(f) = x*h(f) + 5*s(f). Calculate r(4).
-2
Let s(n) be the first derivative of -3*n**2/2 + 25*n + 10. Give s(8).
1
Let l(j) = -24 + 41 - 4 - 13 - 7 - j. Let c(a) = -a**2 - 2. Let q be c(-2). Give l(q).
-1
Let z(q) = 20 - q - 18 - 3. What is z(-11)?
10
Let